 x(p) = 0*p**3 + p**2 - 3 + p + p**3 - 2*p**3 + 3*p. Give x(3).
-9
Let h(l) = l**3 + 9*l**2 + 8*l - 2. Let n be h(-8). Let i be 45/20 - n/(-8). Let d(b) = b**2 - b - 1. Let c(u) = -1. Let w(s) = i*c(s) + d(s). What is w(0)?
-3
Let o(q) = -2*q**2 - 13*q + 6. Let j(r) = -r**2 - 6*r + 3. Let i(g) = 13*j(g) - 6*o(g). Suppose 0 = -45*k - 171 - 9. Give i(k).
-13
Let b be (-1*2 + 3)*5. Suppose 2*t - b*t = -9. Let j(q) = q + t - q + q. Determine j(-3).
0
Let w be -1*1*6/2. Let c(j) = -j**3 - j**2. Suppose 6*l - 4 = 2*l. Let a(s) = 2*s**3 + 3*s**2 - 3*s - 2. Let t(g) = l*a(g) + c(g). Determine t(w).
-2
Suppose 24 = -3*v - 5*p, 1 + 5 = v - 3*p. Let i(k) = k**2. Let z(g) = -6*g**2 - g - 1. Let u(h) = 5*i(h) + z(h). Calculate u(v).
-7
Let s(y) be the second derivative of -y**3/2 + y**2 + 8*y. Determine s(4).
-10
Let v(o) = -7*o - 11. Let a be v(-5). Let p = a - 22. Let c(n) = -2*n + 1. Give c(p).
-3
Let t(b) be the first derivative of -b**3/3 - b**2 - 10. Determine t(-2).
0
Let t(h) = h**2 + 38*h + 101. Let d be t(-3). Let n(r) = -r**2 + 2*r - r - 5*r - 1. Give n(d).
-1
Let j(d) = -d**2 - 10*d - 1. Let z(q) = -q. Let s(b) = j(b) - 5*z(b). Let x(m) = m**3 + 3*m**2 - 3*m + 2. Let n be -3*(7/3 - 1). Let k be x(n). Give s(k).
5
Let s(l) be the second derivative of l**3/3 - l**2/2 + l. Determine s(1).
1
Let h(o) = o + 7. Suppose -4*y - 12 = 8. Determine h(y).
2
Let u(c) = c + 9. Let f(g) = g**3 + g**2 - 2*g + 5. Let p be f(-3). Calculate u(p).
2
Let c(o) = -2*o - 3. Suppose 0 = 2*l + l - 5*i - 30, 4*l = 4*i + 40. Suppose -2*a = 3*a + l. Determine c(a).
1
Let n = -7 + 6. Let b(q) = 2*q**2 - 4*q**3 + 1 - 2*q**2. What is b(n)?
5
Let b(c) = -c**2 + c + 10. Let d be b(5). Let v = 12 + d. Let l(o) = o + 0 - 3*o + 3. Calculate l(v).
-1
Let b(p) be the first derivative of 3/2*p**2 + 11 - p. What is b(-1)?
-4
Let a(k) = 5*k + 5*k**2 + 3*k**2 - 5 - 7*k**2. Determine a(-6).
1
Let b(h) = h**2. Let c be b(1). Let z(f) be the third derivative of f**4/3 + f**3/6 + 8*f**2. Calculate z(c).
9
Let m = 5 + -4. Let p = m - 3. Let x(w) be the third derivative of -w**5/20 - w**4/8 - w**2. Give x(p).
-6
Let d(j) = -5*j**2 - 4*j - 5. Let m(p) = -9*p**2 - 8*p - 9. Let a(s) = -7*d(s) + 4*m(s). What is a(-3)?
2
Let l(x) = -x - 1. Let f(m) = -m**2 + 9*m - 10. Let p be f(7). Suppose -5*v + 37 = p*y + 11, 4*v = y + 25. Calculate l(v).
-7
Let v(t) = t**3 + 8*t**2 + 5. Let c be v(-8). Let a(k) = -k**2 + 4*k. Determine a(c).
-5
Let t(f) = 0*f**2 + 2*f**3 + f**2 + f + 4*f**2 - 5 - f**3. Give t(-5).
-10
Let s(l) = 4*l**3 + 1 - 5*l**3 + 4*l**2 - 3*l**2 + l. Let t be s(-1). Let r(a) = -a + 2. Give r(t).
0
Let j(c) = -4*c**2 + 2*c - 1. Let l be ((-60)/50)/((-6)/20). Let t = 11 + -6. Let i = t - l. Determine j(i).
-3
Let b(u) = -4*u**3 + u**2 - u. Let x(o) = -o**3 + 9*o**2 - 8*o + 4. Let l be x(8). Suppose -7 = c + 4*t, 2*c - 3*t = 4*c + l. Calculate b(c).
-4
Let f = 7 - 5. Suppose 4*d + 2*k = 10, -f*d - 3*k = 1 - 8. Let g(h) = 5*h - 2*h**2 + 3 + h**2 - d*h. Determine g(3).
3
Let y(s) = -s - 5. Let d be y(-10). Let g(p) = -p**2 + 4*p + 7. Determine g(d).
2
Let o(k) = -3*k**3 + k - 3. Let x(y) = -8*y**3 - y**2 + 4*y - 9. Let m(g) = -11*o(g) + 4*x(g). Determine m(3).
3
Let x(f) = 3 - 1 + 0 - 4*f - f**3 - 6 + 5*f**2. Give x(4).
-4
Let f(q) be the third derivative of q**5/60 + 7*q**4/24 - q**3/6 + 9*q**2. Calculate f(-5).
-11
Let b(g) = 3*g + 4 + 3 - 5*g. Suppose -5*x + 2*p - 67 = 0, -p + 52 = -4*x + p. Let y be (x/6 + 0)*-2. Give b(y).
-3
Suppose 0*p = -2*p + 8. Let z(j) = -4*j**3 - 2*j**2 + j - 5. Let d(h) = -h**3 + h. Let b(i) = -5*d(i) + z(i). What is b(p)?
11
Let k(t) = 5*t + 0*t - 6 + 0*t. Let h(d) = -14*d + 17. Let o(x) = -3*h(x) - 8*k(x). Let y(u) = 2*u**2 - u - 1. Let a be y(-1). Give o(a).
1
Let c(g) = g - 1. Let t(f) = -f**2 - 6*f + 6. Let h(d) = -5*c(d) - t(d). Give h(1).
1
Let h(x) = -x**3 + 4*x**2 + 14*x - 13. Let l be h(6). Let a(r) = 9*r**2 + r. Calculate a(l).
8
Let c(r) = r**2 - 4 + 0*r**2 + 0*r**2 + 4*r - 2*r**2. What is c(3)?
-1
Let r(t) be the third derivative of -t**2 - 1/60*t**5 + 0*t + 2/3*t**3 + 0 - 1/12*t**4. Let f be r(-4). Let g(d) = d**2 + 2*d - 2. Calculate g(f).
6
Let t be (-7 - -3)/((-4)/18). Suppose 2*c + t = -0*c. Let f be c/(-7) + 10/(-35). Let x(z) = 7*z**2 - 2*z + 1. Give x(f).
6
Let c(p) = 3*p**3 - 3*p**2 + 3*p - 1. Let t(b) = -3*b**3 + 4*b**2 - 4*b + 1. Let k(h) = 4*c(h) + 3*t(h). Calculate k(-1).
-4
Let s(f) = -5*f**2 + 5*f + 2. Let q(j) = 4*j**2 - 5*j - 3. Let r(z) = 4*q(z) + 3*s(z). Let g be (2/(-3))/((-6)/45). What is r(g)?
-6
Let d(v) = -10 - 6*v**2 + v**3 + v**2 + 3*v + 0*v + 5. Give d(4).
-9
Let w(x) = 2*x**2 - 7*x - 2. Suppose 2*r + 5*q = 8, -3*r = -q - 6 + 28. Let z(l) = l**2 - 4*l - 1. Let k(f) = r*w(f) + 11*z(f). Give k(1).
-2
Suppose 5*h - 4*g = -12, 5*h + 9 = 3*g - 0. Let p(k) = k**2 + 1. Let z(u) = -u**3 - 5*u**2 - u + 3. Let s = 5 + -1. Let l(x) = s*p(x) + z(x). Give l(h).
7
Let h(z) be the third derivative of z**6/120 - z**5/15 - z**4/12 + 2*z**3/3 - 2*z**2. Suppose 12 = -m + 5*m. What is h(m)?
-11
Let f = -19 + 15. Let c(x) = x**3 + 4*x**2 - 2*x - 4. Determine c(f).
4
Suppose 4*w - 4*b = 20, -w - 3*w + 15 = b. Let o(m) be the third derivative of m**6/120 - m**5/15 + m**3/3 + 2*m**2. Calculate o(w).
2
Let s(a) = 4 + 3*a - 1 - 4. What is s(-2)?
-7
Let s = 5 + -4. Let r(j) = 4*j**2 + 1. Let u be r(s). Let i(b) = b**3 - 5*b**2 + b + 3. What is i(u)?
8
Let r(x) = -4 + 1 + 1 - 5*x - 2. Calculate r(-3).
11
Let l(i) = i**2 - 41*i + 21. Let n(x) = -10*x + 5. Let c(f) = -2*l(f) + 9*n(f). Calculate c(-6).
-21
Let g be -1*(9/3 + -9). Let k(n) = n**2 - 8*n + 6. What is k(g)?
-6
Let s(f) = -f**2 - 4*f - 3. Let b be s(-3). Suppose -5*m = -2*m - 21. Let d(p) = -m + 2 - p**2 + 1. Determine d(b).
-4
Let a(c) be the second derivative of -c**4/3 + 2*c**3/3 + c**2/2 + 12*c - 1. Determine a(3).
-23
Let c(o) be the first derivative of o**3/3 + 3*o**2 + o - 5. Let t = 6 - 11. Give c(t).
-4
Let b be 105/28 + 1/4. Suppose 0 = -l - 5. Let z(u) = u - 17. Let y(m) = -m + 8. Let g(s) = l*y(s) - 2*z(s). Give g(b).
6
Let q(x) = 4*x - 3. Let t = -4 + 7. Let m = -6 + t. Let n be (18/24)/(m/(-8)). Give q(n).
5
Let m(z) be the third derivative of 1/24*z**4 + 0 - 1/30*z**5 + 5*z**2 + 0*z - 1/6*z**3. Determine m(2).
-7
Let x(b) = -b**2 - 4*b - 1. Let k be x(-3). Suppose k*f - 4 = -0*f. Let t(p) = -5*p + 2. Calculate t(f).
-8
Let g be (-3)/(3/(-4)) - 3. Let l(c) = -3 - g - 6*c + 2. Determine l(-3).
16
Let c(a) = -2*a**3 + 2*a**2 + 2*a + 1. Let n(r) = -3*r**3 - r**2. Let l be n(-1). Suppose 4*h + 2 + l = 0. Calculate c(h).
3
Let d = -1 + 5. Let w(o) = o**2 - o - 26. Let k be w(6). Suppose -d*u - 3*y + 11 = 0, u - k + 3 = y. Let h(i) = -i + 3. Calculate h(u).
1
Let i(u) = 4*u + 11. Let t(q) = -17*q - 46. Let a(y) = 9*i(y) + 2*t(y). What is a(-8)?
-9
Let m(b) = 6 + 4*b - 5*b + 1. Determine m(-5).
12
Let s(t) be the first derivative of t**4/4 - 2*t**2 - 3. Let z(b) be the second derivative of s(b). Calculate z(-1).
-6
Let h be (-4)/(-6) + 4/3. Let y(b) = 4*b**2 - 2*b + 3. Let g(f) = 2*f**2 - f + 2. Let w(x) = 5*g(x) - 3*y(x). Calculate w(h).
-5
Let p be (-21)/7 - (-14 - -1). Let z be 2*2/(8/p). Let o(r) = -r**2 + 3*r + 5. What is o(z)?
-5
Let s(m) be the first derivative of 8 - 3*m + 1/2*m**2. Calculate s(-3).
-6
Let i be ((-8)/10)/(20/150). Let p(f) = 6*f**3 - 41*f**2 - 16*f - 14. Let n(o) = o**3 - 8*o**2 - 3*o - 3. Let u(g) = -11*n(g) + 2*p(g). Give u(i).
-1
Let n(g) = -g**3 + 2. Suppose i = 6*i + 2*o - 20, 2*i = 5*o + 37. Let f = i + -1. Let b be (-1)/f + (-4)/(-20). Determine n(b).
2
Suppose 3 = -3*y + 15. Suppose y = t + t. Let k(a) = -3 + 6 + 0*a + t*a. Calculate k(-5).
-7
Let d(k) = -7. Let l(c) = -c + 1. Let s = 1 - 2. Let q(g) = s*d(g) - 3*l(g). Let p(o) = -o - 1. Let n(f) = p(f) + q(f). Determine n(-3).
-3
Let l be 4/10 + 46/10. Let m be (l + 1)*(-2)/(-4). Let o = -2 - m. Let h(c) = c**2 + 6*c + 1. Determine h(o).
-4
Let q(d) = -4*d**2 - d + 1. Let r(f) = f**2 - 3*f + 6. Let l be (-4)/18 + (-47)/(-9). Let t be r(l). Suppose 7 = -m - 2*n, 4*m - n - t = 2*n. Determine q(m).
-4
Let q(x) = -5 - 2 + 1 + 7 - 3*x**2. Determine q(-1).
-2
Let r(s) be the first derivative of s**2/2 + s + 1. Suppose -t - 147 + 146 = 0. What is r(t)?
0
Suppose 3*b = -2*b. Let l(v) be the first derivative